{"id":1023,"date":"2017-07-02T16:40:08","date_gmt":"2017-07-02T14:40:08","guid":{"rendered":"http:\/\/neustaedter-schuetzengilde.de\/schuetzengilde_r\/?page_id=1023"},"modified":"2018-06-27T22:05:23","modified_gmt":"2018-06-27T20:05:23","slug":"facebook_google","status":"publish","type":"page","link":"https:\/\/neustaedter-schuetzengilde.de\/schuetzengilde_r\/facebook_google\/","title":{"rendered":"facebook"},"content":{"rendered":"<div>\n<p><span style=\"color: #000000; font-size: x-large;\"><b>Information \u00fcber die Neust\u00e4dter Sch\u00fctzengilde<\/b><\/span><b><span style=\"color: #336600; font-size: x-large;\"><span style=\"color: #000000;\"> auch hier &#8230;<\/span> <\/span><\/b><\/p>\n<p><img loading=\"lazy\" decoding=\"async\" class=\"alignnone size-full wp-image-1964\" src=\"https:\/\/neustaedter-schuetzengilde.de\/schuetzengilde_r\/wp-content\/uploads\/2018\/06\/Bildschirmfoto-2018-06-27-um-22.04.14.png\" alt=\"\" width=\"820\" height=\"314\" srcset=\"https:\/\/neustaedter-schuetzengilde.de\/schuetzengilde_r\/wp-content\/uploads\/2018\/06\/Bildschirmfoto-2018-06-27-um-22.04.14.png 820w, https:\/\/neustaedter-schuetzengilde.de\/schuetzengilde_r\/wp-content\/uploads\/2018\/06\/Bildschirmfoto-2018-06-27-um-22.04.14-300x115.png 300w, https:\/\/neustaedter-schuetzengilde.de\/schuetzengilde_r\/wp-content\/uploads\/2018\/06\/Bildschirmfoto-2018-06-27-um-22.04.14-768x294.png 768w\" sizes=\"auto, (max-width: 820px) 100vw, 820px\" \/><\/p>\n<\/div>\n<p align=\"center\"><span style=\"font-size: medium;\">Alle <b>Mitglieder<\/b> k\u00f6nnen sich f\u00fcr die <b>geschlossene Facebook-Gruppe<\/b> unter folgenden LINK anmelden<br \/>\n<\/span><\/p>\n<p align=\"center\"><a href=\"http:\/\/www.facebook.com\/groups\/neustaedter.schuetzengilde\/\" target=\"_blank\" rel=\"noopener\">http:\/\/www.facebook.com\/groups\/neustaedter.schuetzengilde\/<\/a><\/p>\n<p align=\"center\"><span style=\"font-size: medium;\">Information f\u00fcr <b>allgemeine Interessenten\/Nichtmitgliede<\/b>r bei <b>Facebook<\/b> unter<br \/>\n<\/span><\/p>\n<p align=\"center\"><a href=\"http:\/\/www.facebook.com\/pages\/Neust%C3%A4dter-Sch%C3%BCtzengilde-eV-verm-1244\/160375304071807\" target=\"_blank\" rel=\"noopener\">http:\/\/www.facebook.com\/Neustaedter.Schuetzengilde<\/a><span style=\"font-size: xx-small;\">\u00a0\u00a0 <\/span><\/p>\n","protected":false},"excerpt":{"rendered":"<p>Information \u00fcber die Neust\u00e4dter Sch\u00fctzengilde auch hier &#8230; Alle Mitglieder k\u00f6nnen sich f\u00fcr die geschlossene Facebook-Gruppe unter folgenden LINK anmelden http:\/\/www.facebook.com\/groups\/neustaedter.schuetzengilde\/ Information f\u00fcr allgemeine Interessenten\/Nichtmitglieder bei Facebook unter http:\/\/www.facebook.com\/Neustaedter.Schuetzengilde\u00a0\u00a0<\/p>\n","protected":false},"author":4,"featured_media":0,"parent":0,"menu_order":0,"comment_status":"closed","ping_status":"closed","template":"","meta":{"footnotes":""},"class_list":["post-1023","page","type-page","status-publish","hentry"],"rttpg_featured_image_url":null,"rttpg_author":{"display_name":"Hartmut von Halle","author_link":"https:\/\/neustaedter-schuetzengilde.de\/schuetzengilde_r\/author\/hvh\/"},"rttpg_comment":0,"rttpg_category":null,"rttpg_excerpt":"Information \u00fcber die Neust\u00e4dter Sch\u00fctzengilde auch hier &#8230; Alle Mitglieder k\u00f6nnen sich f\u00fcr die geschlossene Facebook-Gruppe unter folgenden LINK anmelden http:\/\/www.facebook.com\/groups\/neustaedter.schuetzengilde\/ Information f\u00fcr allgemeine Interessenten\/Nichtmitglieder bei Facebook unter http:\/\/www.facebook.com\/Neustaedter.Schuetzengilde\u00a0\u00a0","_links":{"self":[{"href":"https:\/\/neustaedter-schuetzengilde.de\/schuetzengilde_r\/wp-json\/wp\/v2\/pages\/1023","targetHints":{"allow":["GET"]}}],"collection":[{"href":"https:\/\/neustaedter-schuetzengilde.de\/schuetzengilde_r\/wp-json\/wp\/v2\/pages"}],"about":[{"href":"https:\/\/neustaedter-schuetzengilde.de\/schuetzengilde_r\/wp-json\/wp\/v2\/types\/page"}],"author":[{"embeddable":true,"href":"https:\/\/neustaedter-schuetzengilde.de\/schuetzengilde_r\/wp-json\/wp\/v2\/users\/4"}],"replies":[{"embeddable":true,"href":"https:\/\/neustaedter-schuetzengilde.de\/schuetzengilde_r\/wp-json\/wp\/v2\/comments?post=1023"}],"version-history":[{"count":13,"href":"https:\/\/neustaedter-schuetzengilde.de\/schuetzengilde_r\/wp-json\/wp\/v2\/pages\/1023\/revisions"}],"predecessor-version":[{"id":1965,"href":"https:\/\/neustaedter-schuetzengilde.de\/schuetzengilde_r\/wp-json\/wp\/v2\/pages\/1023\/revisions\/1965"}],"wp:attachment":[{"href":"https:\/\/neustaedter-schuetzengilde.de\/schuetzengilde_r\/wp-json\/wp\/v2\/media?parent=1023"}],"curies":[{"name":"wp","href":"https:\/\/api.w.org\/{rel}","templated":true}]}}