{"id":1363,"date":"2017-10-01T11:00:27","date_gmt":"2017-10-01T09:00:27","guid":{"rendered":"http:\/\/neustaedter-schuetzengilde.de\/schuetzengilde_r\/?page_id=1363"},"modified":"2017-10-01T11:34:54","modified_gmt":"2017-10-01T09:34:54","slug":"historische-fahne-der-neustaedter-schuetzengilde-restauriert","status":"publish","type":"page","link":"https:\/\/neustaedter-schuetzengilde.de\/schuetzengilde_r\/historische-fahne-der-neustaedter-schuetzengilde-restauriert\/","title":{"rendered":"Historische Fahne der Sch\u00fctzengilde ist restauriert"},"content":{"rendered":"<p><strong><img loading=\"lazy\" decoding=\"async\" class=\"alignnone size-large wp-image-1364\" src=\"http:\/\/neustaedter-schuetzengilde.de\/schuetzengilde_r\/wp-content\/uploads\/2017\/10\/Fahne-1024x682.jpg\" alt=\"\" width=\"780\" height=\"519\" srcset=\"https:\/\/neustaedter-schuetzengilde.de\/schuetzengilde_r\/wp-content\/uploads\/2017\/10\/Fahne-1024x682.jpg 1024w, https:\/\/neustaedter-schuetzengilde.de\/schuetzengilde_r\/wp-content\/uploads\/2017\/10\/Fahne-300x200.jpg 300w, https:\/\/neustaedter-schuetzengilde.de\/schuetzengilde_r\/wp-content\/uploads\/2017\/10\/Fahne-768x512.jpg 768w\" sizes=\"auto, (max-width: 780px) 100vw, 780px\" \/><\/strong><\/p>\n<p>Rosemarie Selm mit Ernst-August Petsch, Frank Wilschewski, Claudia Freutel (Fielmann Eutin) und Eckert Groth (v. lks.) sind stolz auf das Ergebnis der Restaurierung<em>.<\/em><\/p>\n<p>Flattern wird sie nicht mehr, daf\u00fcr ist sie einfach zu kostbar. Ihren neuen gl\u00e4sernen Rahmen soll sie die n\u00e4chsten 150 Jahre nicht mehr verlassen m\u00fcssen. Die historische Fahne der Neust\u00e4dter Sch\u00fctzengilde stammt aus dem Jahr 1840 und war ein Geschenk von Jacob Lienau. Nun erstrahlt sie wieder in altem Glanz.<\/p>\n<p>Nach 176 Jahren war die Fahne, die von 1926 bis 2007 in einer Gildelade ihr Dasein fristete, in einem sehr schlechten Zustand und musste dringend runderneuert werden (der reporter berichtete). Am vergangenen Freitag wurde die Gildefahne wieder dem zeiTTor-Museum am Kremper Tor \u00fcbergeben. Vor der Restaurierung war sie bereits im M\u00e4rz 2016 offiziell von der Gilde an das zeiTTor \u00fcbergeben worden, um f\u00fcr das herausragende Zeugnis der Stadtgeschichte einen w\u00fcrdigen Ort zu haben. Hier soll sie nun endg\u00fcltig an einem Ehrenplatz der \u00d6ffentlichkeit pr\u00e4sentiert werden.\u00a0Zusammengerechnet zwei Monate Arbeit nonstop investierte die Diplom-Konservatorin f\u00fcr Leder und Textilien Rosemarie Selm aus Preetz in die Wiederherstellung der Seidenfahne in ihrer alten Pracht. Die gravierenden Stoffsch\u00e4den und L\u00f6cher sind nun alle in liebevoller Feinarbeit beseitigt worden. Die Kosten der Restaurierung hat die Fielmann AG \u00fcbernommen.<\/p>\n<p>Bei der R\u00fcckgabe der Fahne war die Konservatorin ebenso anwesend wie Kunsthistoriker J\u00fcrgen Ostwald von der Fielmann AG, der als \u201eJ\u00e4ger der verlorenen Sch\u00e4tze\u201c st\u00e4ndig auf der Suche nach erhaltungsw\u00fcrdigen Kunstsch\u00e4tzen ist. Ernst-August Petsch und Eckert Groth vom F\u00f6rderverein zeigten sich begeistert: \u201eWir bedanken uns f\u00fcr die gro\u00dfartige Arbeit von Frau Selm. Wir konnten nicht ahnen, wie sch\u00f6n die Fahne tats\u00e4chlich wieder werden w\u00fcrde. Sie wird der zentrale Punkt der neuen Ausstellung Ende September im Museum werden\u201c, so Ernst-August Petsch.<\/p>\n<p>Museumsleiter Frank Wilschewski betonte, dass die Fahne nicht viel l\u00e4nger gehalten h\u00e4tte und so vor der v\u00f6lligen Zerst\u00f6rung gerettet wurde. Sie sei ein historisches Dokument f\u00fcr die Neust\u00e4dter Geschichte.<\/p>\n<p>Vor allem aber Rosemarie Selm hatte allen Grund, auf ihre Arbeit stolz zu sein: \u201eDiese Arten von Fahnen sind unantastbare Werte unserer Gesellschaft und geh\u00f6ren zu unserer Geschichte. Wir brauchen diese Erinnerungsst\u00fccke\u201c, sagte die Konservatorin. Seit Mittwoch, dem 27. September um 17 Uhr ist die Fahne das Zentrum einer Sonderausstellung der Neust\u00e4dter Sch\u00fctzengilde zum B\u00fcrger-Engagement in Neustadt im zeiTTor-Museum. (ab)<\/p>\n","protected":false},"excerpt":{"rendered":"<p>Rosemarie Selm mit Ernst-August Petsch, Frank Wilschewski, Claudia Freutel (Fielmann Eutin) und Eckert Groth (v. lks.) sind stolz auf das Ergebnis der Restaurierung. Flattern wird sie nicht mehr, daf\u00fcr ist sie einfach zu kostbar. Ihren neuen gl\u00e4sernen Rahmen soll sie <a class=\"more-link\" href=\"https:\/\/neustaedter-schuetzengilde.de\/schuetzengilde_r\/historische-fahne-der-neustaedter-schuetzengilde-restauriert\/\">weiterlesen&#8230;<\/a><\/p>\n","protected":false},"author":4,"featured_media":0,"parent":0,"menu_order":0,"comment_status":"closed","ping_status":"closed","template":"","meta":{"footnotes":""},"class_list":["post-1363","page","type-page","status-publish","hentry"],"rttpg_featured_image_url":null,"rttpg_author":{"display_name":"Hartmut von Halle","author_link":"https:\/\/neustaedter-schuetzengilde.de\/schuetzengilde_r\/author\/hvh\/"},"rttpg_comment":0,"rttpg_category":null,"rttpg_excerpt":"Rosemarie Selm mit Ernst-August Petsch, Frank Wilschewski, Claudia Freutel (Fielmann Eutin) und Eckert Groth (v. lks.) sind stolz auf das Ergebnis der Restaurierung. Flattern wird sie nicht mehr, daf\u00fcr ist sie einfach zu kostbar. Ihren neuen gl\u00e4sernen Rahmen soll sie weiterlesen...","_links":{"self":[{"href":"https:\/\/neustaedter-schuetzengilde.de\/schuetzengilde_r\/wp-json\/wp\/v2\/pages\/1363","targetHints":{"allow":["GET"]}}],"collection":[{"href":"https:\/\/neustaedter-schuetzengilde.de\/schuetzengilde_r\/wp-json\/wp\/v2\/pages"}],"about":[{"href":"https:\/\/neustaedter-schuetzengilde.de\/schuetzengilde_r\/wp-json\/wp\/v2\/types\/page"}],"author":[{"embeddable":true,"href":"https:\/\/neustaedter-schuetzengilde.de\/schuetzengilde_r\/wp-json\/wp\/v2\/users\/4"}],"replies":[{"embeddable":true,"href":"https:\/\/neustaedter-schuetzengilde.de\/schuetzengilde_r\/wp-json\/wp\/v2\/comments?post=1363"}],"version-history":[{"count":4,"href":"https:\/\/neustaedter-schuetzengilde.de\/schuetzengilde_r\/wp-json\/wp\/v2\/pages\/1363\/revisions"}],"predecessor-version":[{"id":1389,"href":"https:\/\/neustaedter-schuetzengilde.de\/schuetzengilde_r\/wp-json\/wp\/v2\/pages\/1363\/revisions\/1389"}],"wp:attachment":[{"href":"https:\/\/neustaedter-schuetzengilde.de\/schuetzengilde_r\/wp-json\/wp\/v2\/media?parent=1363"}],"curies":[{"name":"wp","href":"https:\/\/api.w.org\/{rel}","templated":true}]}}