{"id":964,"date":"2017-07-02T14:27:03","date_gmt":"2017-07-02T12:27:03","guid":{"rendered":"http:\/\/neustaedter-schuetzengilde.de\/schuetzengilde_r\/?page_id=964"},"modified":"2017-07-02T14:27:03","modified_gmt":"2017-07-02T12:27:03","slug":"jacob-lienau-gedenkstein","status":"publish","type":"page","link":"https:\/\/neustaedter-schuetzengilde.de\/schuetzengilde_r\/jacob-lienau-gedenkstein\/","title":{"rendered":"Jacob Lienau &#8211; Gedenkstein"},"content":{"rendered":"<p><img loading=\"lazy\" decoding=\"async\" class=\"\" src=\"http:\/\/www.neustaedter-schuetzengilde.de\/neuigkeiten\/images\/jl_th.jpg\" alt=\"\" width=\"282\" height=\"337\" name=\"foto001\" \/><\/p>\n<p><strong><span class=\"headlinea\">Der Gedenkstein der Familie Jacob Lienau<\/span><\/strong><\/p>\n<p><span style=\"font-size: small;\">Der Stammtisch des III.Quartiers lie\u00df den Gedenkstein von Jacob Lienau im Namen der Neust\u00e4dter Sch\u00fctzengilde aufarbeiten.<br \/>\nDer Gedenkstein wurde am Samstag den 12.06.2004 (Tag des Vogelschie\u00dfens) ca. 09:30 Uhr, feierlich der Stadt Neustadt \u00fcbergeben.<\/span><\/p>\n<p>&nbsp;<\/p>\n<p><strong><span class=\"headlinea\">Gedenkstein \u00fcberarbeit<\/span><\/strong><\/p>\n<p><span style=\"font-size: small;\">Im August 2003 f\u00fchrten die Mitglieder des III.Quartiers in ihrem damailigen Quartierslokal &#8222;Zur-Reblaus&#8220; einen Stammtisch durch.<br \/>\nHier wurde bei einigen Sch\u00fctzenbr\u00fcdern die Idee geboren, den Gedenkstein der Familie Lienau mit freiwilligen Spenden aufarbeiten zu lassen, weil er sich in keinem guten Zustand befand. Der Gedenkstein erinnert an den ersten Ehrenb\u00fcrger der Stadt Neustadt in Holstein.<br \/>\nVon 1844 bis 1854 war Jacob Lienau Kommandeur der Neust\u00e4dter Sch\u00fctzengilde. &#8222;Das war f\u00fcr uns der Anlass, den Stein renovieren zu lassen&#8220;, betont Leutnant Sven Dabelsteien vom III. Quartier. Der aufgearbeitete Gedenkstein wurde am Tage des Vogelschie\u00dfens offiziell an Neustadts B\u00fcrgermeister Henning Reimann \u00fcbergeben.<br \/>\nDazu wurde der Marschweg der Gilde vor dem Vogelschie\u00dfen am Stadtpark vorbei gef\u00fchrt. <\/span><span style=\"font-size: small;\">Der Gedenkstein der Familie Jacob Lienau wurde von unserem ehemaligen Sch\u00fctzenbruder Leutnant Markus Oswald aufgearbeitet.<br \/>\n<\/span><\/p>\n<p>&nbsp;<\/p>\n<p>&nbsp;<\/p>\n","protected":false},"excerpt":{"rendered":"<p>Der Gedenkstein der Familie Jacob Lienau Der Stammtisch des III.Quartiers lie\u00df den Gedenkstein von Jacob Lienau im Namen der Neust\u00e4dter Sch\u00fctzengilde aufarbeiten. Der Gedenkstein wurde am Samstag den 12.06.2004 (Tag des Vogelschie\u00dfens) ca. 09:30 Uhr, feierlich der Stadt Neustadt \u00fcbergeben. <a class=\"more-link\" href=\"https:\/\/neustaedter-schuetzengilde.de\/schuetzengilde_r\/jacob-lienau-gedenkstein\/\">weiterlesen&#8230;<\/a><\/p>\n","protected":false},"author":4,"featured_media":0,"parent":0,"menu_order":0,"comment_status":"closed","ping_status":"closed","template":"","meta":{"footnotes":""},"class_list":["post-964","page","type-page","status-publish","hentry"],"rttpg_featured_image_url":null,"rttpg_author":{"display_name":"Hartmut von Halle","author_link":"https:\/\/neustaedter-schuetzengilde.de\/schuetzengilde_r\/author\/hvh\/"},"rttpg_comment":0,"rttpg_category":null,"rttpg_excerpt":"Der Gedenkstein der Familie Jacob Lienau Der Stammtisch des III.Quartiers lie\u00df den Gedenkstein von Jacob Lienau im Namen der Neust\u00e4dter Sch\u00fctzengilde aufarbeiten. Der Gedenkstein wurde am Samstag den 12.06.2004 (Tag des Vogelschie\u00dfens) ca. 09:30 Uhr, feierlich der Stadt Neustadt \u00fcbergeben. weiterlesen...","_links":{"self":[{"href":"https:\/\/neustaedter-schuetzengilde.de\/schuetzengilde_r\/wp-json\/wp\/v2\/pages\/964","targetHints":{"allow":["GET"]}}],"collection":[{"href":"https:\/\/neustaedter-schuetzengilde.de\/schuetzengilde_r\/wp-json\/wp\/v2\/pages"}],"about":[{"href":"https:\/\/neustaedter-schuetzengilde.de\/schuetzengilde_r\/wp-json\/wp\/v2\/types\/page"}],"author":[{"embeddable":true,"href":"https:\/\/neustaedter-schuetzengilde.de\/schuetzengilde_r\/wp-json\/wp\/v2\/users\/4"}],"replies":[{"embeddable":true,"href":"https:\/\/neustaedter-schuetzengilde.de\/schuetzengilde_r\/wp-json\/wp\/v2\/comments?post=964"}],"version-history":[{"count":1,"href":"https:\/\/neustaedter-schuetzengilde.de\/schuetzengilde_r\/wp-json\/wp\/v2\/pages\/964\/revisions"}],"predecessor-version":[{"id":965,"href":"https:\/\/neustaedter-schuetzengilde.de\/schuetzengilde_r\/wp-json\/wp\/v2\/pages\/964\/revisions\/965"}],"wp:attachment":[{"href":"https:\/\/neustaedter-schuetzengilde.de\/schuetzengilde_r\/wp-json\/wp\/v2\/media?parent=964"}],"curies":[{"name":"wp","href":"https:\/\/api.w.org\/{rel}","templated":true}]}}